3
List the prime factors of 4241.
4241
What are the prime factors of 508?
2, 127
What are the prime factors of 2152?
2, 269
List the prime factors of 119115.
3, 5, 2647
List the prime factors of 654.
2, 3, 109
What are the prime factors of 6295?
5, 1259
What are the prime factors of 2487?
3, 829
What are the prime factors of 3758?
2, 1879
What are the prime factors of 3213?
3, 7, 17
What are the prime factors of 32799?
3, 13, 29
List the prime factors of 17232.
2, 3, 359
List the prime factors of 16965.
3, 5, 13, 29
List the prime factors of 402.
2, 3, 67
What are the prime factors of 1479?
3, 17, 29
List the prime factors of 90171.
3, 43, 233
List the prime factors of 3382.
2, 19, 89
List the prime factors of 1006.
2, 503
What are the prime factors of 6040?
2, 5, 151
What are the prime factors of 161062?
2, 11, 7321
What are the prime factors of 6490?
2, 5, 11, 59
What are the prime factors of 9521?
9521
List the prime factors of 136.
2, 17
List the prime factors of 1944.
2, 3
List the prime factors of 2530.
2, 5, 11, 23
List the prime factors of 1611.
3, 179
List the prime factors of 7752.
2, 3, 17, 19
What are the prime factors of 126113?
13, 89, 109
List the prime factors of 2851.
2851
What are the prime factors of 1400?
2, 5, 7
What are the prime factors of 225?
3, 5
What are the prime factors of 1735?
5, 347
What are the prime factors of 5555?
5, 11, 101
What are the prime factors of 57018?
2, 3, 13, 17, 43
List the prime factors of 8492.
2, 11, 193
What are the prime factors of 18459?
3, 7, 293
What are the prime factors of 12153?
3, 4051
What are the prime factors of 23083?
41, 563
List the prime factors of 5149.
19, 271
What are the prime factors of 5870?
2, 5, 587
List the prime factors of 285.
3, 5, 19
List the prime factors of 2863.
7, 409
List the prime factors of 617.
617
List the prime factors of 31955.
5, 7, 11, 83
What are the prime factors of 1695?
3, 5, 113
List the prime factors of 6933.
3, 2311
List the prime factors of 17119.
17, 19, 53
List the prime factors of 125279.
7, 11, 1627
What are the prime factors of 2144?
2, 67
List the prime factors of 2676.
2, 3, 223
What are the prime factors of 10720?
2, 5, 67
List the prime factors of 1369.
37
What are the prime factors of 4585?
5, 7, 131
List the prime factors of 1428.
2, 3, 7, 17
List the prime factors of 1566.
2, 3, 29
What are the prime factors of 1019?
1019
What are the prime factors of 3268?
2, 19, 43
What are the prime factors of 12377?
12377
List the prime factors of 283.
283
List the prime factors of 494.
2, 13, 19
List the prime factors of 34527.
3, 17, 677
What are the prime factors of 4496?
2, 281
List the prime factors of 70826.
2, 7, 5059
List the prime factors of 6714.
2, 3, 373
What are the prime factors of 3046?
2, 1523
What are the prime factors of 47638?
2, 23819
List the prime factors of 82749.
3, 27583
What are the prime factors of 30293?
30293
List the prime factors of 58978.
2, 37, 797
List the prime factors of 49412.
2, 11, 1123
List the prime factors of 6746.
2, 3373
What are the prime factors of 431?
431
What are the prime factors of 18925?
5, 757
List the prime factors of 20366.
2, 17, 599
List the prime factors of 414.
2, 3, 23
What are the prime factors of 62487?
3, 53, 131
List the prime factors of 4048.
2, 11, 23
List the prime factors of 3397.
43, 79
What are the prime factors of 2910?
2, 3, 5, 97
List the prime factors of 26296.
2, 19, 173
What are the prime factors of 50495?
5, 10099
List the prime factors of 2614.
2, 1307
List the prime factors of 20605.
5, 13, 317
What are the prime factors of 56202?
2, 3, 17, 19, 29
List the prime factors of 878.
2, 439
What are the prime factors of 7498?
2, 23, 163
What are the prime factors of 223?
223
List the prime factors of 17767.
109, 163
List the prime factors of 9398.
2, 37, 127
What are the prime factors of 10398?
2, 3, 1733
List the prime factors of 3059.
7, 19, 23
What are the prime factors of 619?
619
List the prime factors of 5082.
2, 3, 7, 11
List the prime factors of 66724.
2, 7, 2383
List the prime factors of 53600.
2, 5, 67
List the prime factors of 2331.
3, 7, 37
What are the prime factors of 574?
2, 7, 41
List the prime factors of 91966.
2, 7, 6569
What are the prime factors of 3427?
23, 149
What are the prime factors of 25208?
2, 23, 137
What are the prime factors of 1791?
3, 199
List the prime factors of 581.
7, 83
What are the prime factors of 12173?
7, 37, 47
List the prime factors of 1073.
29, 37
What are the prime factors of 55050?
2, 3, 5, 367
List the prime factors of 51973.
51973
What are the prime factors of 16353?
3, 23, 79
List the prime factors of 121633.
121633
What are the prime factors of 1125?
3, 5
List the prime factors of 1719.
3, 191
List the prime factors of 330.
2, 3, 5, 11
List the prime factors of 2468.
2, 617
What are the prime factors of 1253?
7, 179
List the prime factors of 15618.
2, 3, 19, 137
What are the prime factors of 13635?
3, 5, 101
What are the prime factors of 1303?
1303
What are the prime factors of 8006?
2, 4003
What are the prime factors of 230?
2, 5, 23
What are the prime factors of 105326?
2, 13, 4051
What are the prime factors of 7638?
2, 3, 19, 67
What are the prime factors of 2206?
2, 1103
What are the prime factors of 7026?
2, 3, 1171
What are the prime factors of 384?
2, 3
What are the prime factors of 9605?
5, 17, 113
List the prime factors of 1988.
2, 7, 71
What are the prime factors of 173592?
2, 3, 2411
List the prime factors of 415.
5, 83
List the prime factors of 214.
2, 107
List the prime factors of 3040.
2, 5, 19
List the prime factors of 19266.
2, 3, 13, 19
List the prime factors of 278.
2, 139
List the prime factors of 18803.
18803
What are the prime factors of 4778?
2, 2389
What are the prime factors of 47?
47
List the prime factors of 5362.
2, 7, 383
List the prime factors of 4766.
2, 2383
What are the prime factors of 24893?
11, 31, 73
What are the prime factors of 1660?
2, 5, 83
List the prime factors of 895.
5, 179
List the prime factors of 493.
17, 29
What are the prime factors of 12439?
7, 1777
List the prime factors of 4469.
41, 109
What are the prime factors of 17544?
2, 3, 17, 43
List the prime factors of 16978.
2, 13, 653
List the prime factors of 109931.
211, 521
List the prime factors of 14836.
2, 3709
What are the prime factors of 67?
67
List the prime factors of 1373.
1373
List the prime factors of 14838.
2, 3, 2473
List the prime factors of 6607.
6607
List the prime factors of 6243.
3, 2081
List the prime factors of 2096.
2, 131
List the prime factors of 6921.
3, 769
List the prime factors of 111129.
3, 17, 2179
What are the prime factors of 13070?
2, 5, 1307
What are the prime factors of 45?
3, 5
What are the prime factors of 438?
2, 3, 73
List the prime factors of 2527.
7, 19
List the prime factors of 2898.
2, 3, 7, 23
List the prime factors of 17630.
2, 5, 41, 43
List the prime factors of 715.
5, 11, 13
List the prime factors of 55420.
2, 5, 17, 163
What are the prime factors of 439?
439
What are the prime factors of 9938?
2, 4969
What are the prime factors of 1013?
1013
What are the prime factors of 43423?
173, 251
List the prime factors of 31651.
31, 1021
List the prime factors of 902.
2, 11, 41
What are the prime factors of 1224?
2, 3, 17
What are the prime factors of 19421?
19421
List the prime factors of 9890.
2, 5, 23, 43
What are the prime factors of 63087?
3, 17, 1237
List the prime factors of 5989.
53, 113
List the prime factors of 6890.
2, 5, 13, 53
List the prime factors of 33359.
33359
List the prime factors of 385.
5, 7, 11
What are the prime factors of 259?
7, 37
List the prime factors of 34014.
2, 3, 5669
List the prime factors of 8153.
31, 263
List the prime factors of 3724.
2, 7, 19
List the prime factors of 3339.
3, 7, 53
List the prime factors of 135.
3, 5
List the prime factors of 16507.
17, 971
List the prime factors of 6801.
3, 2267
What are the prime factors of 8483?
17, 499
What are the prime factors of 1734?
2, 3, 17
What are the prime factors of 79055?
5, 97, 163
What are the prime factors of 17317?
17317
What are the prime factors of 119476?
2, 7, 17, 251
What are the prime factors of 94345?
5, 18869
List the prime factors of 1421.
7, 29
List the prime factors of 19941.
3, 17